{"id":44,"date":"2023-10-03T23:09:58","date_gmt":"2023-10-03T21:09:58","guid":{"rendered":"http:\/\/ypfogfu.cluster028.hosting.ovh.net\/?page_id=44"},"modified":"2023-10-16T14:42:50","modified_gmt":"2023-10-16T12:42:50","slug":"epiphanie","status":"publish","type":"page","link":"https:\/\/www.associationfrancosuisse.com\/index.php\/epiphanie\/","title":{"rendered":"EPIPHANIE"},"content":{"rendered":"\t\t<div data-elementor-type=\"wp-page\" data-elementor-id=\"44\" class=\"elementor elementor-44\">\n\t\t\t\t<div class=\"elementor-element elementor-element-7db6738 e-flex e-con-boxed wpr-particle-no wpr-jarallax-no wpr-parallax-no wpr-sticky-section-no e-con e-parent\" data-id=\"7db6738\" data-element_type=\"container\">\n\t\t\t\t\t<div class=\"e-con-inner\">\n\t\t\t\t<div class=\"elementor-element elementor-element-9cf9aae elementor-widget elementor-widget-text-editor\" data-id=\"9cf9aae\" data-element_type=\"widget\" data-widget_type=\"text-editor.default\">\n\t\t\t\t<div class=\"elementor-widget-container\">\n\t\t\t\t\t\t\t<h2><span style=\"color: #ff0000;\"><strong>EPIPHANIE<\/strong><\/span><\/h2>\t\t\t\t\t\t<\/div>\n\t\t\t\t<\/div>\n\t\t\t\t\t<\/div>\n\t\t\t\t<\/div>\n\t\t<div class=\"elementor-element elementor-element-404632a e-flex e-con-boxed wpr-particle-no wpr-jarallax-no wpr-parallax-no wpr-sticky-section-no e-con e-parent\" data-id=\"404632a\" data-element_type=\"container\">\n\t\t\t\t\t<div class=\"e-con-inner\">\n\t\t<div class=\"elementor-element elementor-element-a355741 e-grid e-con-full wpr-particle-no wpr-jarallax-no wpr-parallax-no wpr-sticky-section-no e-con e-child\" data-id=\"a355741\" data-element_type=\"container\">\n\t\t\t\t<div class=\"elementor-element elementor-element-a4a42af elementor-widget elementor-widget-text-editor\" data-id=\"a4a42af\" data-element_type=\"widget\" data-widget_type=\"text-editor.default\">\n\t\t\t\t<div class=\"elementor-widget-container\">\n\t\t\t\t\t\t\t<h4><span style=\"color: #333399;\"><strong>Chaques ann\u00e9es, l&rsquo;association invite les personens seniors de la Cure \u00e0 venir \u00e9lire le roi et la reine du village lors de la traditionelle galette des rois.<\/strong><\/span><\/h4><h4><span style=\"color: #333399;\"><strong>Dans une ambiance coniviale et chaleureuse, c&rsquo;est un moment privilegi\u00e9 avec nos anciens.<\/strong><\/span><\/h4>\t\t\t\t\t\t<\/div>\n\t\t\t\t<\/div>\n\t\t\t\t<div class=\"elementor-element elementor-element-1be14e1 elementor-widget elementor-widget-image\" data-id=\"1be14e1\" data-element_type=\"widget\" data-widget_type=\"image.default\">\n\t\t\t\t<div class=\"elementor-widget-container\">\n\t\t\t\t\t\t\t\t\t\t\t\t\t<img fetchpriority=\"high\" decoding=\"async\" width=\"814\" height=\"623\" src=\"https:\/\/www.associationfrancosuisse.com\/wp-content\/uploads\/2023\/10\/Galette-Rois.jpeg?wsr\" class=\"attachment-large size-large wp-image-262\" alt=\"\" srcset=\"https:\/\/www.associationfrancosuisse.com\/wp-content\/uploads\/2023\/10\/Galette-Rois.jpeg 814w, https:\/\/www.associationfrancosuisse.com\/wp-content\/uploads\/2023\/10\/Galette-Rois-300x230.jpeg 300w, https:\/\/www.associationfrancosuisse.com\/wp-content\/uploads\/2023\/10\/Galette-Rois-768x588.jpeg 768w\" sizes=\"(max-width: 814px) 100vw, 814px\" \/>\t\t\t\t\t\t\t\t\t\t\t\t\t<\/div>\n\t\t\t\t<\/div>\n\t\t\t\t<\/div>\n\t\t\t\t\t<\/div>\n\t\t\t\t<\/div>\n\t\t\t\t<\/div>\n\t\t","protected":false},"excerpt":{"rendered":"<p>EPIPHANIE Chaques ann\u00e9es, l&rsquo;association invite les personens seniors de la Cure \u00e0 venir \u00e9lire le roi et la reine du village lors de la traditionelle galette des rois. Dans une ambiance coniviale et chaleureuse, c&rsquo;est un moment privilegi\u00e9 avec nos anciens.<\/p>\n","protected":false},"author":1,"featured_media":0,"parent":0,"menu_order":0,"comment_status":"closed","ping_status":"closed","template":"","meta":{"site-sidebar-layout":"no-sidebar","site-content-layout":"","ast-site-content-layout":"full-width-container","site-content-style":"default","site-sidebar-style":"default","ast-global-header-display":"","ast-banner-title-visibility":"","ast-main-header-display":"","ast-hfb-above-header-display":"","ast-hfb-below-header-display":"","ast-hfb-mobile-header-display":"","site-post-title":"disabled","ast-breadcrumbs-content":"","ast-featured-img":"disabled","footer-sml-layout":"","theme-transparent-header-meta":"","adv-header-id-meta":"","stick-header-meta":"","header-above-stick-meta":"","header-main-stick-meta":"","header-below-stick-meta":"","astra-migrate-meta-layouts":"","ngg_post_thumbnail":0,"footnotes":""},"class_list":["post-44","page","type-page","status-publish","hentry"],"yoast_head":"<!-- This site is optimized with the Yoast SEO plugin v24.0 - https:\/\/yoast.com\/wordpress\/plugins\/seo\/ -->\n<title>EPIPHANIE - Village Franco-Suisse de La Cure<\/title>\n<meta name=\"robots\" content=\"index, follow, max-snippet:-1, max-image-preview:large, max-video-preview:-1\" \/>\n<link rel=\"canonical\" href=\"https:\/\/www.associationfrancosuisse.com\/index.php\/epiphanie\/\" \/>\n<meta property=\"og:locale\" content=\"fr_FR\" \/>\n<meta property=\"og:type\" content=\"article\" \/>\n<meta property=\"og:title\" content=\"EPIPHANIE - Village Franco-Suisse de La Cure\" \/>\n<meta property=\"og:description\" content=\"EPIPHANIE Chaques ann\u00e9es, l&rsquo;association invite les personens seniors de la Cure \u00e0 venir \u00e9lire le roi et la reine du village lors de la traditionelle galette des rois. Dans une ambiance coniviale et chaleureuse, c&rsquo;est un moment privilegi\u00e9 avec nos anciens.\" \/>\n<meta property=\"og:url\" content=\"https:\/\/www.associationfrancosuisse.com\/index.php\/epiphanie\/\" \/>\n<meta property=\"og:site_name\" content=\"Village Franco-Suisse de La Cure\" \/>\n<meta property=\"article:modified_time\" content=\"2023-10-16T12:42:50+00:00\" \/>\n<meta property=\"og:image\" content=\"https:\/\/www.associationfrancosuisse.com\/wp-content\/uploads\/2023\/10\/Galette-Rois.jpeg\" \/>\n<meta name=\"twitter:card\" content=\"summary_large_image\" \/>\n<meta name=\"twitter:label1\" content=\"Dur\u00e9e de lecture estim\u00e9e\" \/>\n\t<meta name=\"twitter:data1\" content=\"1 minute\" \/>\n<script type=\"application\/ld+json\" class=\"yoast-schema-graph\">{\"@context\":\"https:\/\/schema.org\",\"@graph\":[{\"@type\":\"WebPage\",\"@id\":\"https:\/\/www.associationfrancosuisse.com\/index.php\/epiphanie\/\",\"url\":\"https:\/\/www.associationfrancosuisse.com\/index.php\/epiphanie\/\",\"name\":\"EPIPHANIE - Village Franco-Suisse de La Cure\",\"isPartOf\":{\"@id\":\"https:\/\/www.associationfrancosuisse.com\/#website\"},\"primaryImageOfPage\":{\"@id\":\"https:\/\/www.associationfrancosuisse.com\/index.php\/epiphanie\/#primaryimage\"},\"image\":{\"@id\":\"https:\/\/www.associationfrancosuisse.com\/index.php\/epiphanie\/#primaryimage\"},\"thumbnailUrl\":\"https:\/\/www.associationfrancosuisse.com\/wp-content\/uploads\/2023\/10\/Galette-Rois.jpeg\",\"datePublished\":\"2023-10-03T21:09:58+00:00\",\"dateModified\":\"2023-10-16T12:42:50+00:00\",\"breadcrumb\":{\"@id\":\"https:\/\/www.associationfrancosuisse.com\/index.php\/epiphanie\/#breadcrumb\"},\"inLanguage\":\"fr-FR\",\"potentialAction\":[{\"@type\":\"ReadAction\",\"target\":[\"https:\/\/www.associationfrancosuisse.com\/index.php\/epiphanie\/\"]}]},{\"@type\":\"ImageObject\",\"inLanguage\":\"fr-FR\",\"@id\":\"https:\/\/www.associationfrancosuisse.com\/index.php\/epiphanie\/#primaryimage\",\"url\":\"https:\/\/www.associationfrancosuisse.com\/wp-content\/uploads\/2023\/10\/Galette-Rois.jpeg?wsr\",\"contentUrl\":\"https:\/\/www.associationfrancosuisse.com\/wp-content\/uploads\/2023\/10\/Galette-Rois.jpeg?wsr\",\"width\":814,\"height\":623},{\"@type\":\"BreadcrumbList\",\"@id\":\"https:\/\/www.associationfrancosuisse.com\/index.php\/epiphanie\/#breadcrumb\",\"itemListElement\":[{\"@type\":\"ListItem\",\"position\":1,\"name\":\"Accueil\",\"item\":\"https:\/\/www.associationfrancosuisse.com\/\"},{\"@type\":\"ListItem\",\"position\":2,\"name\":\"EPIPHANIE\"}]},{\"@type\":\"WebSite\",\"@id\":\"https:\/\/www.associationfrancosuisse.com\/#website\",\"url\":\"https:\/\/www.associationfrancosuisse.com\/\",\"name\":\"Village Franco-Suisse de La Cure\",\"description\":\"\",\"potentialAction\":[{\"@type\":\"SearchAction\",\"target\":{\"@type\":\"EntryPoint\",\"urlTemplate\":\"https:\/\/www.associationfrancosuisse.com\/?s={search_term_string}\"},\"query-input\":{\"@type\":\"PropertyValueSpecification\",\"valueRequired\":true,\"valueName\":\"search_term_string\"}}],\"inLanguage\":\"fr-FR\"}]}<\/script>\n<!-- \/ Yoast SEO plugin. -->","yoast_head_json":{"title":"EPIPHANIE - Village Franco-Suisse de La Cure","robots":{"index":"index","follow":"follow","max-snippet":"max-snippet:-1","max-image-preview":"max-image-preview:large","max-video-preview":"max-video-preview:-1"},"canonical":"https:\/\/www.associationfrancosuisse.com\/index.php\/epiphanie\/","og_locale":"fr_FR","og_type":"article","og_title":"EPIPHANIE - Village Franco-Suisse de La Cure","og_description":"EPIPHANIE Chaques ann\u00e9es, l&rsquo;association invite les personens seniors de la Cure \u00e0 venir \u00e9lire le roi et la reine du village lors de la traditionelle galette des rois. Dans une ambiance coniviale et chaleureuse, c&rsquo;est un moment privilegi\u00e9 avec nos anciens.","og_url":"https:\/\/www.associationfrancosuisse.com\/index.php\/epiphanie\/","og_site_name":"Village Franco-Suisse de La Cure","article_modified_time":"2023-10-16T12:42:50+00:00","og_image":[{"url":"https:\/\/www.associationfrancosuisse.com\/wp-content\/uploads\/2023\/10\/Galette-Rois.jpeg","type":"","width":"","height":""}],"twitter_card":"summary_large_image","twitter_misc":{"Dur\u00e9e de lecture estim\u00e9e":"1 minute"},"schema":{"@context":"https:\/\/schema.org","@graph":[{"@type":"WebPage","@id":"https:\/\/www.associationfrancosuisse.com\/index.php\/epiphanie\/","url":"https:\/\/www.associationfrancosuisse.com\/index.php\/epiphanie\/","name":"EPIPHANIE - Village Franco-Suisse de La Cure","isPartOf":{"@id":"https:\/\/www.associationfrancosuisse.com\/#website"},"primaryImageOfPage":{"@id":"https:\/\/www.associationfrancosuisse.com\/index.php\/epiphanie\/#primaryimage"},"image":{"@id":"https:\/\/www.associationfrancosuisse.com\/index.php\/epiphanie\/#primaryimage"},"thumbnailUrl":"https:\/\/www.associationfrancosuisse.com\/wp-content\/uploads\/2023\/10\/Galette-Rois.jpeg","datePublished":"2023-10-03T21:09:58+00:00","dateModified":"2023-10-16T12:42:50+00:00","breadcrumb":{"@id":"https:\/\/www.associationfrancosuisse.com\/index.php\/epiphanie\/#breadcrumb"},"inLanguage":"fr-FR","potentialAction":[{"@type":"ReadAction","target":["https:\/\/www.associationfrancosuisse.com\/index.php\/epiphanie\/"]}]},{"@type":"ImageObject","inLanguage":"fr-FR","@id":"https:\/\/www.associationfrancosuisse.com\/index.php\/epiphanie\/#primaryimage","url":"https:\/\/www.associationfrancosuisse.com\/wp-content\/uploads\/2023\/10\/Galette-Rois.jpeg?wsr","contentUrl":"https:\/\/www.associationfrancosuisse.com\/wp-content\/uploads\/2023\/10\/Galette-Rois.jpeg?wsr","width":814,"height":623},{"@type":"BreadcrumbList","@id":"https:\/\/www.associationfrancosuisse.com\/index.php\/epiphanie\/#breadcrumb","itemListElement":[{"@type":"ListItem","position":1,"name":"Accueil","item":"https:\/\/www.associationfrancosuisse.com\/"},{"@type":"ListItem","position":2,"name":"EPIPHANIE"}]},{"@type":"WebSite","@id":"https:\/\/www.associationfrancosuisse.com\/#website","url":"https:\/\/www.associationfrancosuisse.com\/","name":"Village Franco-Suisse de La Cure","description":"","potentialAction":[{"@type":"SearchAction","target":{"@type":"EntryPoint","urlTemplate":"https:\/\/www.associationfrancosuisse.com\/?s={search_term_string}"},"query-input":{"@type":"PropertyValueSpecification","valueRequired":true,"valueName":"search_term_string"}}],"inLanguage":"fr-FR"}]}},"_links":{"self":[{"href":"https:\/\/www.associationfrancosuisse.com\/index.php\/wp-json\/wp\/v2\/pages\/44","targetHints":{"allow":["GET"]}}],"collection":[{"href":"https:\/\/www.associationfrancosuisse.com\/index.php\/wp-json\/wp\/v2\/pages"}],"about":[{"href":"https:\/\/www.associationfrancosuisse.com\/index.php\/wp-json\/wp\/v2\/types\/page"}],"author":[{"embeddable":true,"href":"https:\/\/www.associationfrancosuisse.com\/index.php\/wp-json\/wp\/v2\/users\/1"}],"replies":[{"embeddable":true,"href":"https:\/\/www.associationfrancosuisse.com\/index.php\/wp-json\/wp\/v2\/comments?post=44"}],"version-history":[{"count":22,"href":"https:\/\/www.associationfrancosuisse.com\/index.php\/wp-json\/wp\/v2\/pages\/44\/revisions"}],"predecessor-version":[{"id":581,"href":"https:\/\/www.associationfrancosuisse.com\/index.php\/wp-json\/wp\/v2\/pages\/44\/revisions\/581"}],"wp:attachment":[{"href":"https:\/\/www.associationfrancosuisse.com\/index.php\/wp-json\/wp\/v2\/media?parent=44"}],"curies":[{"name":"wp","href":"https:\/\/api.w.org\/{rel}","templated":true}]}}

<div data-elementor-type="wp-page" data-elementor-id="44" class="elementor elementor-44">
				<div class="elementor-element elementor-element-7db6738 e-flex e-con-boxed wpr-particle-no wpr-jarallax-no wpr-parallax-no wpr-sticky-section-no e-con e-parent" data-id="7db6738" data-element_type="container">
					<div class="e-con-inner">
				<div class="elementor-element elementor-element-9cf9aae elementor-widget elementor-widget-text-editor" data-id="9cf9aae" data-element_type="widget" data-widget_type="text-editor.default">
				<div class="elementor-widget-container">
							<h2><span style="color: #ff0000;"><strong>EPIPHANIE</strong></span></h2>						</div>
				</div>
					</div>
				</div>
		<div class="elementor-element elementor-element-404632a e-flex e-con-boxed wpr-particle-no wpr-jarallax-no wpr-parallax-no wpr-sticky-section-no e-con e-parent" data-id="404632a" data-element_type="container">
					<div class="e-con-inner">
		<div class="elementor-element elementor-element-a355741 e-grid e-con-full wpr-particle-no wpr-jarallax-no wpr-parallax-no wpr-sticky-section-no e-con e-child" data-id="a355741" data-element_type="container">
				<div class="elementor-element elementor-element-a4a42af elementor-widget elementor-widget-text-editor" data-id="a4a42af" data-element_type="widget" data-widget_type="text-editor.default">
				<div class="elementor-widget-container">
							<h4><span style="color: #333399;"><strong>Chaques années, l&rsquo;association invite les personens seniors de la Cure à venir élire le roi et la reine du village lors de la traditionelle galette des rois.</strong></span></h4><h4><span style="color: #333399;"><strong>Dans une ambiance coniviale et chaleureuse, c&rsquo;est un moment privilegié avec nos anciens.</strong></span></h4>						</div>
				</div>
				<div class="elementor-element elementor-element-1be14e1 elementor-widget elementor-widget-image" data-id="1be14e1" data-element_type="widget" data-widget_type="image.default">
				<div class="elementor-widget-container">
													<img fetchpriority="high" decoding="async" width="814" height="623" src="https://www.associationfrancosuisse.com/wp-content/uploads/2023/10/Galette-Rois.jpeg?wsr" class="attachment-large size-large wp-image-262" alt="" srcset="https://www.associationfrancosuisse.com/wp-content/uploads/2023/10/Galette-Rois.jpeg 814w, https://www.associationfrancosuisse.com/wp-content/uploads/2023/10/Galette-Rois-300x230.jpeg 300w, https://www.associationfrancosuisse.com/wp-content/uploads/2023/10/Galette-Rois-768x588.jpeg 768w" sizes="(max-width: 814px) 100vw, 814px" />													</div>
				</div>
				</div>
					</div>
				</div>
				</div>

<p>EPIPHANIE Chaques années, l&rsquo;association invite les personens seniors de la Cure à venir élire le roi et la reine du village lors de la traditionelle galette des rois. Dans une ambiance coniviale et chaleureuse, c&rsquo;est un moment privilegié avec nos anciens.</p>

<!-- This site is optimized with the Yoast SEO plugin v24.0 - https://yoast.com/wordpress/plugins/seo/ -->
<title>EPIPHANIE - Village Franco-Suisse de La Cure</title>
<meta name="robots" content="index, follow, max-snippet:-1, max-image-preview:large, max-video-preview:-1" />
<link rel="canonical" href="https://www.associationfrancosuisse.com/index.php/epiphanie/" />
<meta property="og:locale" content="fr_FR" />
<meta property="og:type" content="article" />
<meta property="og:title" content="EPIPHANIE - Village Franco-Suisse de La Cure" />
<meta property="og:description" content="EPIPHANIE Chaques années, l&rsquo;association invite les personens seniors de la Cure à venir élire le roi et la reine du village lors de la traditionelle galette des rois. Dans une ambiance coniviale et chaleureuse, c&rsquo;est un moment privilegié avec nos anciens." />
<meta property="og:url" content="https://www.associationfrancosuisse.com/index.php/epiphanie/" />
<meta property="og:site_name" content="Village Franco-Suisse de La Cure" />
<meta property="article:modified_time" content="2023-10-16T12:42:50+00:00" />
<meta property="og:image" content="https://www.associationfrancosuisse.com/wp-content/uploads/2023/10/Galette-Rois.jpeg" />
<meta name="twitter:card" content="summary_large_image" />
<meta name="twitter:label1" content="Durée de lecture estimée" />
	<meta name="twitter:data1" content="1 minute" />
<script type="application/ld+json" class="yoast-schema-graph">{"@context":"https://schema.org","@graph":[{"@type":"WebPage","@id":"https://www.associationfrancosuisse.com/index.php/epiphanie/","url":"https://www.associationfrancosuisse.com/index.php/epiphanie/","name":"EPIPHANIE - Village Franco-Suisse de La Cure","isPartOf":{"@id":"https://www.associationfrancosuisse.com/#website"},"primaryImageOfPage":{"@id":"https://www.associationfrancosuisse.com/index.php/epiphanie/#primaryimage"},"image":{"@id":"https://www.associationfrancosuisse.com/index.php/epiphanie/#primaryimage"},"thumbnailUrl":"https://www.associationfrancosuisse.com/wp-content/uploads/2023/10/Galette-Rois.jpeg","datePublished":"2023-10-03T21:09:58+00:00","dateModified":"2023-10-16T12:42:50+00:00","breadcrumb":{"@id":"https://www.associationfrancosuisse.com/index.php/epiphanie/#breadcrumb"},"inLanguage":"fr-FR","potentialAction":[{"@type":"ReadAction","target":["https://www.associationfrancosuisse.com/index.php/epiphanie/"]}]},{"@type":"ImageObject","inLanguage":"fr-FR","@id":"https://www.associationfrancosuisse.com/index.php/epiphanie/#primaryimage","url":"https://www.associationfrancosuisse.com/wp-content/uploads/2023/10/Galette-Rois.jpeg?wsr","contentUrl":"https://www.associationfrancosuisse.com/wp-content/uploads/2023/10/Galette-Rois.jpeg?wsr","width":814,"height":623},{"@type":"BreadcrumbList","@id":"https://www.associationfrancosuisse.com/index.php/epiphanie/#breadcrumb","itemListElement":[{"@type":"ListItem","position":1,"name":"Accueil","item":"https://www.associationfrancosuisse.com/"},{"@type":"ListItem","position":2,"name":"EPIPHANIE"}]},{"@type":"WebSite","@id":"https://www.associationfrancosuisse.com/#website","url":"https://www.associationfrancosuisse.com/","name":"Village Franco-Suisse de La Cure","description":"","potentialAction":[{"@type":"SearchAction","target":{"@type":"EntryPoint","urlTemplate":"https://www.associationfrancosuisse.com/?s={search_term_string}"},"query-input":{"@type":"PropertyValueSpecification","valueRequired":true,"valueName":"search_term_string"}}],"inLanguage":"fr-FR"}]}</script>
<!-- / Yoast SEO plugin. -->

EPIPHANIE Chaques années, l&rsquo;association invite les personens seniors de la Cure à venir élire le roi et la reine du village lors de la traditionelle galette des rois. Dans une ambiance coniviale et chaleureuse, c&rsquo;est un moment privilegié avec nos anciens.
